{"id":1049,"date":"2021-07-19T15:00:10","date_gmt":"2021-07-19T19:00:10","guid":{"rendered":"https:\/\/cifardlrllocal.local\/speaker\/brunet-emelie\/"},"modified":"2022-02-28T20:33:02","modified_gmt":"2022-03-01T00:33:02","slug":"brunet-emelie","status":"publish","type":"speaker","link":"https:\/\/dlrl.ca\/fr\/speaker\/brunet-emelie\/","title":{"rendered":"Brunet, \u00c9m\u00e9lie"},"content":{"rendered":"","protected":false},"excerpt":{"rendered":"<p class=\"name\"><a href=\"https:\/\/mila.quebec\/personne\/emelie-brunet\/\" target=\"_blank\" rel=\"noreferrer noopener\">\u00c9m\u00e9lie Brunet <span class=\"fl-icon\"><i class=\"ua-icon ua-icon-arrow-right\" aria-hidden=\"true\"><\/i><\/span><\/a><\/p>\n<p>Vice-pr\u00e9sidente, talent et \u00e9cosyst\u00e8me, Mila<\/p>\n","protected":false},"featured_media":1055,"menu_order":0,"template":"","meta":[],"categories":[],"tags":[28],"class_list":["post-1049","speaker","type-speaker","status-publish","has-post-thumbnail","hentry","tag-2021-fr"],"_links":{"self":[{"href":"https:\/\/dlrl.ca\/fr\/wp-json\/wp\/v2\/speaker\/1049","targetHints":{"allow":["GET"]}}],"collection":[{"href":"https:\/\/dlrl.ca\/fr\/wp-json\/wp\/v2\/speaker"}],"about":[{"href":"https:\/\/dlrl.ca\/fr\/wp-json\/wp\/v2\/types\/speaker"}],"wp:featuredmedia":[{"embeddable":true,"href":"https:\/\/dlrl.ca\/fr\/wp-json\/wp\/v2\/media\/1055"}],"wp:attachment":[{"href":"https:\/\/dlrl.ca\/fr\/wp-json\/wp\/v2\/media?parent=1049"}],"wp:term":[{"taxonomy":"category","embeddable":true,"href":"https:\/\/dlrl.ca\/fr\/wp-json\/wp\/v2\/categories?post=1049"},{"taxonomy":"post_tag","embeddable":true,"href":"https:\/\/dlrl.ca\/fr\/wp-json\/wp\/v2\/tags?post=1049"}],"curies":[{"name":"wp","href":"https:\/\/api.w.org\/{rel}","templated":true}]}}

Brunet, Émélie

<p class="name"><a href="https://mila.quebec/personne/emelie-brunet/" target="_blank" rel="noreferrer noopener">Émélie Brunet <span class="fl-icon"><i class="ua-icon ua-icon-arrow-right" aria-hidden="true"></i></span></a></p>
<p>Vice-présidente, talent et écosystème, Mila</p>
