{"id":740,"date":"2021-03-05T14:37:58","date_gmt":"2021-03-05T18:37:58","guid":{"rendered":"https:\/\/cifardlrllocal.local\/speaker\/strome\/"},"modified":"2022-02-28T20:38:02","modified_gmt":"2022-03-01T00:38:02","slug":"strome","status":"publish","type":"speaker","link":"https:\/\/dlrl.ca\/fr\/speaker\/strome\/","title":{"rendered":"Strome, Elissa"},"content":{"rendered":"","protected":false},"excerpt":{"rendered":"<p class=\"name\"><a href=\"https:\/\/cifar.ca\/fr\/biographie\/elissa-strome\/\" target=\"_blank\" rel=\"noreferrer noopener\">Elissa Strome <span class=\"fl-icon\"><i class=\"ua-icon ua-icon-arrow-right\" aria-hidden=\"true\"><\/i><\/span><\/a><\/p>\n<p>Directrice g\u00e9n\u00e9rale, Strat\u00e9gie pancanadienne en mati\u00e8re d\u2019IA, CIFAR<\/p>\n","protected":false},"featured_media":576,"menu_order":0,"template":"","meta":[],"categories":[],"tags":[26,28],"class_list":["post-740","speaker","type-speaker","status-publish","has-post-thumbnail","hentry","tag-2020-fr","tag-2021-fr"],"_links":{"self":[{"href":"https:\/\/dlrl.ca\/fr\/wp-json\/wp\/v2\/speaker\/740","targetHints":{"allow":["GET"]}}],"collection":[{"href":"https:\/\/dlrl.ca\/fr\/wp-json\/wp\/v2\/speaker"}],"about":[{"href":"https:\/\/dlrl.ca\/fr\/wp-json\/wp\/v2\/types\/speaker"}],"wp:featuredmedia":[{"embeddable":true,"href":"https:\/\/dlrl.ca\/fr\/wp-json\/wp\/v2\/media\/576"}],"wp:attachment":[{"href":"https:\/\/dlrl.ca\/fr\/wp-json\/wp\/v2\/media?parent=740"}],"wp:term":[{"taxonomy":"category","embeddable":true,"href":"https:\/\/dlrl.ca\/fr\/wp-json\/wp\/v2\/categories?post=740"},{"taxonomy":"post_tag","embeddable":true,"href":"https:\/\/dlrl.ca\/fr\/wp-json\/wp\/v2\/tags?post=740"}],"curies":[{"name":"wp","href":"https:\/\/api.w.org\/{rel}","templated":true}]}}

<p class="name"><a href="https://cifar.ca/fr/biographie/elissa-strome/" target="_blank" rel="noreferrer noopener">Elissa Strome <span class="fl-icon"><i class="ua-icon ua-icon-arrow-right" aria-hidden="true"></i></span></a></p>
<p>Directrice générale, Stratégie pancanadienne en matière d’IA, CIFAR</p>
